{"id":6799,"date":"2022-04-06T19:53:24","date_gmt":"2022-04-06T19:53:24","guid":{"rendered":"https:\/\/co.feriavegana.com\/?post_type=product&#038;p=6799"},"modified":"2023-12-24T03:06:15","modified_gmt":"2023-12-24T03:06:15","slug":"fruta-deshidratada-variedad-papaya","status":"archived","type":"product","link":"https:\/\/co.feriavegana.com\/index.php\/producto\/fruta-deshidratada-variedad-papaya\/","title":{"rendered":"Fruta Deshidratada Variedad Papaya 50g"},"content":{"rendered":"<p>Deliciosas Frutas Deshidratadas. Sin colorantes, sin aditivos, sin sabores artificiales, sin az\u00facar a\u00f1adido, sin gluten. La fruta pierde hasta el 90 por ciento de agua y conserva todas las propiedades nutritivas y sabores originales.<\/p>\n<p>C\u00f3malas directamente como un Snack en cualquier momento, durante el ejercicio, entre comidas, reemplace el desayuno o las cena, prepare deliciosas infusiones fr\u00edas o calientes, \u00faselas en recetas de cocina, ll\u00e9velas en su bolsa a cualquier sitio.<\/p>\n<p>Conserve en lugar seco y fresco a temperatura ambiente, libre de los rayos del sol, despu\u00e9s de abierto consumase en el menor tiempo posible. Notificaci\u00f3n sanitaria NSA\u2010001324\u20102016 ManKuusas Marca Registrada.<\/p>\n","protected":false},"excerpt":{"rendered":"<p>Presentaci\u00f3n en 15g y 50g<\/p>\n<p>Presentation in 15g and 50g<\/p>\n","protected":false},"featured_media":6800,"template":"","meta":{"om_disable_all_campaigns":false,"_monsterinsights_skip_tracking":false,"_monsterinsights_sitenote_active":false,"_monsterinsights_sitenote_note":"","_monsterinsights_sitenote_category":0},"product_cat":[80],"product_tag":[],"jetpack-related-posts":[],"_links":{"self":[{"href":"https:\/\/co.feriavegana.com\/index.php\/wp-json\/wp\/v2\/product\/6799"}],"collection":[{"href":"https:\/\/co.feriavegana.com\/index.php\/wp-json\/wp\/v2\/product"}],"about":[{"href":"https:\/\/co.feriavegana.com\/index.php\/wp-json\/wp\/v2\/types\/product"}],"wp:featuredmedia":[{"embeddable":true,"href":"https:\/\/co.feriavegana.com\/index.php\/wp-json\/wp\/v2\/media\/6800"}],"wp:attachment":[{"href":"https:\/\/co.feriavegana.com\/index.php\/wp-json\/wp\/v2\/media?parent=6799"}],"wp:term":[{"taxonomy":"product_cat","embeddable":true,"href":"https:\/\/co.feriavegana.com\/index.php\/wp-json\/wp\/v2\/product_cat?post=6799"},{"taxonomy":"product_tag","embeddable":true,"href":"https:\/\/co.feriavegana.com\/index.php\/wp-json\/wp\/v2\/product_tag?post=6799"}],"curies":[{"name":"wp","href":"https:\/\/api.w.org\/{rel}","templated":true}]}}